4.
2, 17, 3094303
What are the prime factors of 1005952959?
3, 11, 1481, 2287
List the prime factors of 7777363480.
2, 5, 19, 59, 107, 1621
What are the prime factors of 199007562?
2, 3, 13, 199, 12821
What are the prime factors of 169610010?
2, 3, 5, 1847, 3061
List the prime factors of 488507793.
3, 162835931
What are the prime factors of 2908026?
2, 3, 11, 19, 773
What are the prime factors of 460372055?
5, 11, 13, 49529
What are the prime factors of 122062415?
5, 457, 53419
List the prime factors of 221543029.
221543029
List the prime factors of 338585716.
2, 7, 12092347
List the prime factors of 185466370.
2, 5, 41, 241, 1877
What are the prime factors of 271192006?
2, 983, 137941
List the prime factors of 91592706.
2, 3, 15265451
What are the prime factors of 3451947760?
2, 5, 719, 60013
List the prime factors of 536833357.
167, 3214571
What are the prime factors of 109811?
13, 8447
What are the prime factors of 19728032?
2, 616501
What are the prime factors of 6300629765?
5, 59, 21358067
List the prime factors of 868526912.
2, 11, 47, 26249
What are the prime factors of 10039361?
479, 20959
List the prime factors of 1801072302.
2, 3, 3907, 76831
List the prime factors of 7797892158.
2, 3, 7, 691, 89563
List the prime factors of 1484849.
1484849
List the prime factors of 3894591388.
2, 1373, 709139
List the prime factors of 128211686.
2, 109, 313, 1879
What are the prime factors of 1151886679?
2851, 404029
What are the prime factors of 269342378?
2, 967, 139267
List the prime factors of 78350716.
2, 19587679
What are the prime factors of 1676047404?
2, 3, 167, 836351
List the prime factors of 199701614.
2, 7, 1567, 9103
What are the prime factors of 62652465?
3, 5, 1392277
List the prime factors of 15313015.
5, 29, 105607
List the prime factors of 288280762.
2, 7, 11, 521, 3593
List the prime factors of 80190747.
3, 7, 13, 179, 547
What are the prime factors of 426419103?
3, 11, 23, 29, 19373
List the prime factors of 41034698.
2, 20517349
List the prime factors of 131504907.
3, 43834969
What are the prime factors of 851883231?
3, 641, 442997
List the prime factors of 57579113.
149, 386437
What are the prime factors of 509021391?
3, 5659, 29983
What are the prime factors of 54248712?
2, 3, 7, 137, 2357
List the prime factors of 304374412.
2, 76093603
List the prime factors of 358020839.
11, 5557, 5857
List the prime factors of 4533789921.
3, 1511263307
List the prime factors of 2955093810.
2, 3, 5, 98503127
What are the prime factors of 147156853?
761, 193373
List the prime factors of 386456139.
3, 42939571
What are the prime factors of 35420383?
31, 1142593
List the prime factors of 4283128446.
2, 3, 713854741
What are the prime factors of 87864717?
3, 29288239
What are the prime factors of 688909577?
688909577
List the prime factors of 49200011.
7, 7028573
What are the prime factors of 646031760?
2, 3, 5, 11, 107, 2287
List the prime factors of 32925629.
11, 1283, 2333
List the prime factors of 398155856.
2, 7, 3554963
List the prime factors of 144215806.
2, 7, 10301129
What are the prime factors of 17811859?
13, 1370143
What are the prime factors of 12069041?
12069041
List the prime factors of 609205620.
2, 3, 5, 1277, 7951
What are the prime factors of 1444860133?
1444860133
List the prime factors of 710004004.
2, 177501001
What are the prime factors of 60041528?
2, 37, 193, 1051
What are the prime factors of 18352841?
13, 19, 67, 1109
List the prime factors of 2359333221.
3, 7, 431, 260671
What are the prime factors of 1092734564?
2, 1217, 224473
What are the prime factors of 371714411?
371714411
What are the prime factors of 2238484022?
2, 31, 173, 208697
What are the prime factors of 1106371471?
449, 2464079
What are the prime factors of 153366856?
2, 19170857
What are the prime factors of 199297318?
2, 11, 37, 244837
List the prime factors of 13064520.
2, 3, 5, 7, 103, 151
List the prime factors of 130109829.
3, 4813, 9011
List the prime factors of 49266742.
2, 7, 131, 26863
What are the prime factors of 5274671580?
2, 3, 5, 83, 353057
What are the prime factors of 78849983?
78849983
What are the prime factors of 3142653667?
43, 4177, 17497
What are the prime factors of 99401979?
3, 33133993
List the prime factors of 8542833.
3, 13, 317, 691
What are the prime factors of 142926472?
2, 13, 139, 9887
List the prime factors of 873012632.
2, 37, 1301, 2267
What are the prime factors of 125528952?
2, 3, 17, 307669
What are the prime factors of 861054372?
2, 3, 1747, 13691
List the prime factors of 6499296.
2, 3, 22567
List the prime factors of 60944551.
61, 999091
List the prime factors of 225031932.
2, 3, 163, 4261
List the prime factors of 25818730.
2, 5, 7, 233, 1583
What are the prime factors of 5452054760?
2, 5, 5099, 26731
List the prime factors of 900082235.
5, 13, 43, 251, 1283
List the prime factors of 13356070.
2, 5, 7, 13, 1129
List the prime factors of 47076983.
659, 71437
List the prime factors of 4330319361.
3, 15727, 91781
What are the prime factors of 24469468?
2, 6117367
What are the prime factors of 340603978?
2, 11, 13, 1190923
List the prime factors of 267047387.
137, 1949251
What are the prime factors of 185297035?
5, 7, 11, 211, 2281
List the prime factors of 1373846427.
3, 1884563
List the prime factors of 41409398.
2, 19, 997, 1093
What are the prime factors of 1905656557?
7, 10289, 26459
What are the prime factors of 1065716734?
2, 809, 658663
What are the prime factors of 5793847?
5793847
List the prime factors of 74507884.
2, 11, 1693361
List the prime factors of 17789306.
2, 2011, 4423
What are the prime factors of 314190731?
53, 137, 43271
List the prime factors of 3190839187.
71, 2113, 21269
What are the prime factors of 5298825727?
13, 17, 23976587
List the prime factors of 38574611.
23, 29, 151, 383
What are the prime factors of 1796260683?
3, 7, 31, 53, 79, 659
What are the prime factors of 167466330?
2, 3, 5, 1860737
What are the prime factors of 29410413?
3, 31, 316241
What are the prime factors of 216501117?
3, 7, 31, 332567
What are the prime factors of 36591300?
2, 3, 5, 109, 373
What are the prime factors of 799626662?
2, 587, 681113
List the prime factors of 75681013.
31, 2441323
List the prime factors of 1634357319.
3, 7, 257, 43261
What are the prime factors of 793435131?
3, 389, 226631
What are the prime factors of 3413374999?
3413374999
List the prime factors of 576073570.
2, 5, 57607357
What are the prime factors of 635908118?
2, 2273, 139883
What are the prime factors of 4499921573?
7, 17, 3557, 10631
What are the prime factors of 113264600?
2, 5, 566323
List the prime factors of 10469443.
10469443
What are the prime factors of 1826400466?
2, 11, 83018203
List the prime factors of 870539633.
173, 673, 7477
What are the prime factors of 413161777?
7, 439, 19207
What are the prime factors of 3787301662?
2, 1893650831
What are the prime factors of 277929130?
2, 5, 27792913
List the prime factors of 154352028.
2, 3, 2687, 4787
List the prime factors of 438771215.
5, 3251, 26993
What are the prime factors of 137177980?
2, 5, 23, 298213
What are the prime factors of 2001508894?
2, 7, 11, 401, 32411
List the prime factors of 374116746.
2, 3, 661, 94331
What are the prime factors of 1437920873?
14683, 97931
List the prime factors of 1254617164.
2, 37, 2861, 2963
What are the prime factors of 356389585?
5, 277, 257321
What are the prime factors of 48911934?
2, 3, 41, 198829
What are the prime factors of 6703151683?
19, 151, 2336407
What are the prime factors of 1931743819?
571, 1439, 2351
List the prime factors of 148181775.
3, 5, 7, 17, 16603
What are the prime factors of 199549893?
3, 17, 127, 30809
List the prime factors of 259499270.
2, 5, 419, 61933
List the prime factors of 1381717.
443, 3119
What are the prime factors of 6749414?
2, 7, 482101
List the prime factors of 39331583.
59, 666637
What are the prime factors of 935442431?
7, 11, 12148603
What are the prime factors of 1375127777?
487, 2823671
List the prime factors of 1374658223.
79, 17400737
What are the prime factors of 4799585332?
2, 17713, 67741
What are the prime factors of 865673795?
5, 7, 41, 603257
List the prime factors of 349009513.
2039, 171167
List the prime factors of 6813883.
37, 61, 3019
What are the prime factors o